Does 29 divide 2690562?
True
Does 37 divide 2080251?
True
Is 251204 a multiple of 262?
False
Is 266320 a multiple of 761?
False
Is 31 a factor of 233709?
True
Is 400 a factor of 866400?
True
Is 6 a factor of 7210359?
False
Does 9 divide 201861?
True
Is 1090908 a multiple of 6?
True
Does 7 divide 481621?
True
Is 4845444 a multiple of 12?
True
Is 363826 a multiple of 125?
False
Does 575 divide 14234367?
False
Is 3859180 a multiple of 13?
True
Is 3 a factor of 2167?
False
Is 1145760 a multiple of 660?
True
Is 228 a factor of 369498?
False
Does 7 divide 6302980?
False
Does 16 divide 4872519?
False
Is 42086 a multiple of 11?
True
Is 239106 a multiple of 14?
True
Is 563000 a multiple of 563?
True
Is 211 a factor of 17160841?
True
Is 8451662 a multiple of 15?
False
Does 13 divide 1256099?
True
Is 108201 a multiple of 2?
False
Is 23 a factor of 463404?
True
Does 675 divide 502994?
False
Is 26 a factor of 301252?
False
Is 245220 a multiple of 12?
True
Is 17 a factor of 14926850?
True
Does 82 divide 4872771?
False
Does 12 divide 167840?
False
Is 873234 a multiple of 18?
True
Is 615160 a multiple of 52?
True
Is 51 a factor of 10474227?
True
Is 337 a factor of 481791?
False
Is 1322441 a multiple of 115?
False
Is 927721 a multiple of 103?
True
Is 9 a factor of 54858?
False
Is 117 a factor of 3495963?
False
Is 3479453 a multiple of 90?
False
Is 22 a factor of 771540?
True
Does 37 divide 418248?
True
Is 10 a factor of 158170?
True
Is 14 a factor of 3934?
True
Does 44 divide 3289465?
False
Does 131 divide 346941?
False
Does 21 divide 54724?
False
Is 113904 a multiple of 42?
True
Does 341 divide 3945516?
False
Is 165 a factor of 10410510?
True
Is 21450 a multiple of 66?
True
Does 56 divide 347626?
False
Is 204200 a multiple of 50?
True
Is 9 a factor of 42759?
True
Does 6 divide 460678?
False
Is 59 a factor of 27467?
False
Does 47 divide 680533?
False
Does 16 divide 108236?
False
Is 12 a factor of 157416?
True
Is 534703 a multiple of 466?
False
Is 13905 a multiple of 157?
False
Is 57 a factor of 2843097?
False
Is 3382036 a multiple of 86?
True
Is 26640 a multiple of 36?
True
Is 4 a factor of 1066?
False
Is 2690553 a multiple of 4?
False
Is 42201 a multiple of 27?
True
Does 81 divide 5440527?
True
Is 95956 a multiple of 46?
True
Does 325 divide 160115?
False
Is 103 a factor of 91464?
True
Is 79 a factor of 1929676?
False
Does 162 divide 4551452?
False
Is 175186 a multiple of 11?
True
Is 18376 a multiple of 4?
True
Is 23 a factor of 22573419?
True
Is 143 a factor of 307552?
False
Is 34966 a multiple of 8?
False
Does 27 divide 4480730?
False
Does 21 divide 840607?
False
Is 958593 a multiple of 173?
True
Is 11088 a multiple of 48?
True
Is 10 a factor of 476560?
True
Does 130 divide 3476070?
True
Is 5119264 a multiple of 32?
True
Is 46 a factor of 45183?
False
Is 4986649 a multiple of 175?
False
Is 4477350 a multiple of 20?
False
Is 226180 a multiple of 59?
False
Is 352 a factor of 433664?
True
Does 279 divide 117459?
True
Is 2210802 a multiple of 68?
False
Does 5 divide 1743?
False
Does 44 divide 12319?
False
Is 308 a factor of 1906587?
False
Is 1436436 a multiple of 158?
False
Is 48 a factor of 1044528?
True
Is 27444 even?
True
Is 2400273 a multiple of 27?
True
Does 182 divide 9704?
False
Is 740002 a multiple of 15?
False
Is 109836 a multiple of 452?
True
Does 23 divide 134364?
False
Does 21 divide 485454?
False
Is 245 a factor of 9880907?
False
Is 12 a factor of 214053?
False
Is 4 a factor of 1091009?
False
Is 46 a factor of 6532?
True
Is 222 a factor of 5491338?
False
Is 267388 a multiple of 206?
True
Does 14 divide 3808?
True
Does 26 divide 7923006?
True
Is 8420888 a multiple of 328?
False
Does 46 divide 3891462?
True
Does 33 divide 2065337?
False
Does 630 divide 440307?
False
Is 15872296 a multiple of 863?
True
Is 94 a factor of 337272?
True
Is 34 a factor of 14927326?
True
Does 11 divide 3264074?
True
Does 192 divide 11677274?
False
Is 1569648 a multiple of 25?
False
Does 392 divide 645917?
False
Is 14 a factor of 463638?
True
Does 548 divide 117272?
True
Does 383 divide 455770?
True
Is 9 a factor of 526446?
True
Is 2 a factor of 129918?
True
Is 10564 a multiple of 8?
False
Is 257 a factor of 6060482?
False
Is 13 a factor of 122180?
False
Does 47 divide 519516?
False
Does 93 divide 530658?
True
Is 123145 a multiple of 38?
False
Is 104132 a multiple of 4?
True
Is 1013 a factor of 6286777?
False
Does 52 divide 236164?
False
Does 19 divide 8311965?
False
Is 122 a factor of 311668?
False
Is 1383504 a multiple of 16?
True
Is 7263168 a multiple of 528?
True
Is 101 a factor of 6687375?
False
Is 10899126 a multiple of 1001?
False
Does 4 divide 197422?
False
Does 64 divide 105536?
True
Is 18513260 a multiple of 20?
True
Is 1570584 a multiple of 95?
False
Is 58937 a multiple of 4?
False
Is 6493921 a multiple of 24?
False
Is 3979528 a multiple of 380?
False
Is 5 a factor of 2686492?
False
Does 15 divide 1472520?
True
Is 1243000 a multiple of 10?
True
Does 134 divide 203144?
True
Does 11 divide 26221800?
True
Is 43 a factor of 1506247?
True
Does 104 divide 22256?
True
Is 28 a factor of 2835784?
True
Is 577 a factor of 6526395?
False
Does 39 divide 29768?
False
Is 3345088 a multiple of 192?
False
Is 9 a factor of 8652506?
False
Is 1532145 a multiple of 69?
True
Is 21 a factor of 156744?
True
Does 476 divide 4341659?
False
Does 12 divide 599711?
False
Is 12 a factor of 52045?
False
Is 9084546 a multiple of 606?
True
Is 3086768 a multiple of 31?
False
Is 13608 a multiple of 14?
True
Does 241 divide 31089?
True
Does 13 divide 1261923?
True
Is 22280470 a multiple of 1630?
True
Does 12 divide 1520364?
True
Does 99 divide 3784770?
True
Is 834795 even?
False
Does 28 divide 619230?
False
Is 17 a factor of 3697907?
False
Does 53 divide 102343?
True
Is 645 a factor of 371610?
False
Is 21 a factor of 53802?
True
Is 207912 a multiple of 45?
False
Is 13 a factor of 247378?
False
Is 260 a factor of 289984?
False
Is 427378 a multiple of 15?
False
Does 12 divide 104255?
False
Is 14 a factor of 73915?
False
Is 696638 a multiple of 29?
True
Is 162809 a multiple of 56?
False
Is 9599 a multiple of 2?
False
Does 692 divide 1033156?
True
Does 76 divide 54340?
True
Does 101 divide 366875?
False
Is 204 a factor of 3866820?
True
Does 11 divide 1025414?
False
Does 202 divide 24109?
False
Does 20 divide 269406?
False
Does 14 divide 196608?
False
Is 2074440 even?
True
Is 129 a factor of 4902809?
False
Is 18 a factor of 55782?
True
Is 798985 a multiple of 85?
False
Is 26472281 a multiple of 17?
True
Does 35 divide 144696?
False
Does 331 divide 69177?
False
Is 820332 a multiple of 35?
False
Does 396 divide 221364?
True
Is 107 a factor of 16835008?
False
Does 585 divide 1424475?
True
Is 4105699 a multiple of 13?
True
Is 71 a factor of 6514250?
True
Does 95 divide 95991?
False
Is 16460 a multiple of 20?
True
Does 151 divide 205208?
False
Does 116 divide 288737?
False
Is 39470 a multiple of 10?
True
Does 174 divide 1280215?
False
Is 440 a factor of 42046?
False
Does 39 divide 108537?
True
Is 16 a factor of 3590828?
False
Does 420 divide 5717216?
False
Does 35 divide 7651?
False
Is 312618 a multiple of 3?
True
Is 7122321 a multiple of 321?
False
Is 13 a factor of 136074?
False
Does 36 divide 8640?
True
Does 17 divide 2909395?
False
Does 411 divide 1594269?
True
Is 2227794 a multiple of 65?
False
Does 146 divide 819112?
False
Does 7 divide 12285?
True
Is 248975 a multiple of 8?
False
Is 311 a factor of 115070?
True
Is 306585 a multiple of 81?
True
Is 16 a factor of 2876416?
True
Does 5 divide 2674766?
False
Is 32925 a multiple of 75?
True
Does 78 divide 466059?
False
Does 616 divide 263648?
True
Is 9 a factor of 348436?
False
Does 71 divide 2338395?
False
Does 91 divide 9010924?
False
Is 443804 a multiple of 37?
False
Is 14 a factor of 134276?
False
Does 96 divide 7492320?
True
Is 2179361 a multiple of 2?
False
Does 112 divide 950633?
False
Is 913914 a multiple of 485?
False
Does 135 divide 28890?
True
Is 434350 a multiple of 175?
True
Is 4741485 even?
False
Is 268 a factor of 948037?
False
Is 27846 a multiple of 17?
True
Is 11406683 a multiple of 32?
False
Does 150 divide 46032?
False
Is 53 a factor of 37842?
True
Does 57 divide 369177?
False
Is 2203760 a multiple of 130?
True
Is 42195402 a multiple 